 j be g(13). Let c(a) = a**2 - 1. Give c(j).
15
Let l(w) = -w + 2. Let x = -38 + 33. What is l(x)?
7
Let a(f) = f**2 + 7*f. Let j be (-5 - -5) + 1 + -2. Let k be 5/((2 - 1)*j). Determine a(k).
-10
Let l(f) be the third derivative of 1/60*f**5 - 1/12*f**4 + 0*f + 2*f**2 + 2/3*f**3 + 0 + 1/120*f**6. What is l(-3)?
-8
Let p(x) be the second derivative of x**4/12 - 11*x**2/2 + 8*x. Determine p(0).
-11
Let v(p) = -7 + 5*p - 7*p + p**2 + 2. Let z(u) = -u**2 + 3*u + 4. Let l(d) = -4*v(d) - 5*z(d). Calculate l(6).
-6
Let f = 14 + -10. Let s(c) = c**2 + 6 + c**2 - 5*c**2 - 6*c + c**3 + c**2. What is s(f)?
14
Let y(g) be the first derivative of -g**3/6 - 3*g**2/2 + 3*g + 2. Let p(q) be the first derivative of y(q). Calculate p(-3).
0
Let q(c) = -c**2 + 7*c + 1. Suppose 2*i = m + 7, 16 + 3 = -i + 5*m. Give q(i).
7
Let y(g) = 3*g + 11. Let n(r) = -5*r - 5. Let a(c) = c + 1. Let z(l) = 4*a(l) + n(l). Let m(k) = y(k) + 4*z(k). Determine m(6).
1
Let m(o) be the first derivative of o**3/3 - o**2/2 + 3*o + 4. Determine m(3).
9
Let z(f) = -2*f. Let a be z(3). Let q(s) = 7 + 131*s - 130*s - 7. Determine q(a).
-6
Let q(w) be the second derivative of -w**3/6 + 7*w**2/2 + 10*w. Determine q(5).
2
Suppose 3*i = 2*n + 2 - 7, -5*n - 50 = 5*i. Let q(r) = -r**3 - 6*r**2 - 2*r + 7. Calculate q(n).
-8
Let w(x) = x**2 - 6. Let r be w(-3). Let n(m) = -2*m**3 + 3*m**2 + 2*m + 2. Determine n(r).
-19
Let c(j) = j**3 - 121*j**2 + 1 + 126*j**2 + 2. Calculate c(-5).
3
Let d(f) = f - 12. Let l be d(6). Let x(y) = -y**2 - 8*y - 2. Give x(l).
10
Let x(c) = -c - 1. Let m(i) = 4*i - 2. Let r be m(3). Let s = r - 6. Determine x(s).
-5
Let f(q) = -3*q + 5. Let r(h) = -4*h + 5. Let d(p) = 7*f(p) - 6*r(p). What is d(-6)?
-13
Let m(l) be the second derivative of -l**3/3 - 4*l**2 + 11*l. Give m(8).
-24
Let x(t) = -3*t**2 - 4*t - 2. Let b be x(-2). Let l(r) = 3*r. Let w(i) = -i + 1. Let d(s) = -l(s) - 4*w(s). Give d(b).
-10
Let d(x) = 4*x - 2. Let q(b) = -9*b + 3. Let v(n) = 5*d(n) + 2*q(n). Give v(5).
6
Let g(k) = 5*k - k**2 - 4 + 6 - 6 + 6. Give g(6).
-4
Let a(z) = -38*z**2 - 5. Let s(o) = -9*o**2 - 1. Let l(u) = 2*a(u) - 9*s(u). Calculate l(1).
4
Suppose 8 = i + 3*i. Suppose i = 3*m - 4. Let b(f) = 2*f + 1. Calculate b(m).
5
Let b be ((-15)/20)/((-3)/8). Suppose -3*o = -9 - 3. Suppose -5*w + 10 = b*f, -1 - 7 = -f - o*w. Let i(k) = k**2 + 7. Calculate i(f).
7
Let h be 1/((-40)/36 - -1). Let d(f) = -f**3 - 9*f**2 + 2*f + 12. Let s be d(h). Let k(z) = z**2 + 6*z - 3. Give k(s).
-3
Let m(w) = -29 - w**2 + 29. Calculate m(-1).
-1
Let f(k) be the first derivative of 3 + 3*k + 1/2*k**2. Suppose -5*x + 1 - 26 = 0. Calculate f(x).
-2
Let c(k) be the first derivative of k**6/360 - k**3 + 4. Let g(h) be the third derivative of c(h). What is g(1)?
1
Let z(r) be the first derivative of -r**2 - 1 + 2/3*r**3 + r. Determine z(1).
1
Suppose 0 = -58*f + 59*f + 5. Let q(x) = x**3 + 6*x**2 + 5*x + 5. Calculate q(f).
5
Let u(i) = i + 3. Let r = -11 - -6. What is u(r)?
-2
Let p(b) = -b**3 - 8*b**2 - 3*b + 9. Let c = -17 + 10. Calculate p(c).
-19
Let o(q) = -q**2 - 8*q + 6. Let r be o(-9). Let y be 1/(0 - (-1)/r). Let s(f) = -f**2 - f. Calculate s(y).
-6
Let f(w) be the first derivative of -w**5/20 + w**4/6 - w**3/6 - w**2/2 + 6*w - 8. Let b(l) be the first derivative of f(l). Calculate b(3).
-13
Let n(x) = 8*x - 19*x + 5 + 14*x. Calculate n(-9).
-22
Let j = 91 - 65. Let u = 21 - j. Let v(h) = h**3 + 6*h**2 + 8*h + 4. Give v(u).
-11
Let i(w) = -2*w + 2. Let k be 7*1 - (2 - -1). Determine i(k).
-6
Suppose -5*x + l = -6, 3*x - 16 = -x - 2*l. Let q(a) = -3*a + x + 0 + 5. What is q(5)?
-8
Let q(r) = -r + 1. Let f be (3 + -2)/(1/(-5)). Let i be (2 - 4)/((-2)/f). Calculate q(i).
6
Let u(h) = 2*h**2 + 2*h + 3. Let y be -2 - (-2 + 4*1). Let z(j) = j + 1. Let n be z(-7). Let k = n - y. Calculate u(k).
7
Let z(u) be the second derivative of u**7/2520 + u**6/240 - u**5/24 + u**4/12 - 4*u. Let f(o) be the third derivative of z(o). Determine f(-4).
-1
Let f be 0 + -2*(-6)/4. Let o(g) = -7*g**3 - 7*g + 3*g - f + 8*g**3. Calculate o(-2).
-3
Let s(i) be the third derivative of 3*i**2 + 1/24*i**4 + 0 + 0*i**3 + 0*i. Calculate s(-1).
-1
Let a(h) be the third derivative of -h**5/60 + h**4/8 - h**3/6 - 2*h**2. Suppose 15 = 2*f + f. Suppose 4*g - f*g = z - 7, -2*z + g = -2. Give a(z).
-1
Let c(f) be the second derivative of -f**5/20 - f**4/12 + 5*f**2/2 - 34*f. What is c(0)?
5
Let m(j) = 2*j**2 - j - 2. Let h(p) = -2*p - 6. Let c be h(-5). Let y = c - 2. Calculate m(y).
4
Let z(i) = 2*i - 3 + 3*i**2 - i**2 + 4 + i**3. Let t be z(-1). Suppose 0 = -b - 3*l + 8, 2*l + 1 - 3 = t. Let o(x) = x - 9. What is o(b)?
-4
Let c(o) be the third derivative of o**4/24 - o**3/2 + 8*o**2 + 1. Determine c(-4).
-7
Let n(z) = z**2 + 3*z - 1. Suppose -b + 4*b + 6 = 0. Give n(b).
-3
Suppose -1 = -m + 2. Let q(b) = 1 + 4*b + 5*b - m*b - 4*b. Determine q(-1).
-1
Let r(k) = -3 + 4*k**2 + 1 - 6*k + 3 + k**3. Suppose -1 = -3*a + 71. Suppose t = -2*t - 3*b - a, 3*t + 9 = 2*b. Calculate r(t).
6
Let p(m) = -m. Let y be p(0). Let k(b) = 3*b**2 + 7. Let j(g) = 7*g**2 + 14. Let r(n) = -4*j(n) + 9*k(n). Give r(y).
7
Let w = 7 + -4. Let a(h) = 2 - h**w - 3*h + 7*h**2 + 0 - 4*h. What is a(6)?
-4
Let i(x) = -26*x**2 + 22*x**2 + 3 - 3*x + 11*x**2. Give i(2).
25
Let v be 2 - (1/1)/1. Let h(l) = 9*l**2 - 1. Let t be h(v). Suppose -2*q + t = -0. Let z(b) = -b**3 + 3*b**2 + 5*b - 5. What is z(q)?
-1
Let h(g) = -5 - 8*g + g + 6*g. Calculate h(6).
-11
Suppose -8 = 3*y - 23. Let v(t) = t + 7. Calculate v(y).
12
Let t(a) = 105 - 3*a - 51 - 54. Give t(-3).
9
Suppose -3*m - 20 = -2*d, 5*m + 4*d = 8*d - 32. Let j(l) = l**3 + 9*l**2 + 8*l + 9. Determine j(m).
9
Let x(o) be the first derivative of -o**4/4 + o**3/3 + 2*o**2 + o - 2. Let i(f) = 3*f**2 + 0*f**2 - 5*f**2 + f + 3*f**2. Let b(p) = 4*i(p) - x(p). Give b(-3).
-1
Let f(o) = -3*o**2 - 4*o**3 - 2*o**3 - 2*o + 3 + 4*o**3 + 3*o**3. What is f(2)?
-5
Let b = 1 + -2. Let x be (-3 - (-1 + -1)) + 3. Let d(j) = 5*j - 4*j - 1 + x*j + 3*j. Determine d(b).
-7
Let s = 6 - 4. Let r = 5 - s. Let w(a) = -a**3 - 2*a**2 + 5. Let m(f) = 6*f**3 + 9*f**2 + f - 26. Let y(i) = 2*m(i) + 11*w(i). Determine y(r).
0
Let j(x) = x**3 - x + 1. Let s = 4 - 2. Suppose -7*r + s*r = 0, 0 = -2*y + r + 10. Let u = y + -5. Determine j(u).
1
Let t(y) be the first derivative of 1/2*y**2 - 1/3*y**3 + 6*y + 1. What is t(0)?
6
Suppose 90 = -v + 6*v. Suppose v = 5*u + 3. Let a(l) = -3*l - 2 + l**3 - 1 + 0*l**u. Calculate a(-2).
-5
Let p be 236/16 + 1/4. Let n = p + -14. Let k(t) = 8*t**3 - t**2 - t + 1. Determine k(n).
7
Let p = 12 - 8. Let f(g) = 1 + 2*g - 4 + 2. Calculate f(p).
7
Let r(o) = o**3 - 7*o**2 + 5*o + 8. Let y be r(6). Suppose -y*q - q = 12. Let n(i) = -i**3 - 5*i**2 - 4*i. Determine n(q).
0
Let x(t) be the first derivative of t**3/3 + t**2 - 3*t - 18. Let f(l) = l**2 - l - 4. Let m be f(3). What is x(m)?
5
Let b(g) = 3*g - 5. Let o(s) = s**2 + 8*s + 4. Let a be o(-8). Calculate b(a).
7
Let v be ((-8)/40)/(22/(-10) - -2). Let q(d) = 12*d**2 - d. Calculate q(v).
11
Let k(g) be the first derivative of g + 3 + 0*g**2 + 1/2*g**4 - 1/3*g**3. What is k(-1)?
-2
Suppose -o = -4 - 0. Let b(l) = 2*l. Let k(i) = -6*i + 1. Let x be (-6)/(-1) - 3 - 11. Let y(z) = x*b(z) - 3*k(z). Calculate y(o).
5
Let t(l) = -l**3 - l + 2. Let z(j) = j**3 + j - 2. Let m(d) = -5*t(d) - 4*z(d). Calculate m(2).
8
Let m be (-2)/(-7) - 130/(-35). Suppose -16 = 3*h - m*k + 7, -h + k = 6. Let x be -1 + h*(0 + 2). Let z(t) = t - 3. What is z(x)?
-6
Suppose -5*s - 9 = -g, 5 + 3 = -5*s + 2*g. Let z(o) = 2*o**2 - 1. Determine z(s).
7
Let s(u) be the third derivative of -u**5/60 + u**4/6 - u**3/3 + 14*u**2. Give s(4).
-2
Let n = -1 + 3. Let g(a) = -a + 2 + 0 - n. What is g(0)?
0
Let v(y) = 2*y + 5. Let h(m) = -2*m - 4. Let n(z) = 4*h(z) + 3*v(z). Let f(u) = u + 7. Let p be f(-3). Give n(p).
-9
Let l(p) = p. Suppose 2 = -2*f - 0. Let t be (f/2)/(3/6). Calculate l(t).
-1
Suppose -w + 3*w = 0. Let z(n) be the second derivative of n**4/12 + n**2 + 4*n. Determine z(w).
2
Let n(y) = -3*y**3 + y**2 + 2*y + 1. Let m = 113 - 114. What is n(m)?
3
Let l(w) = -w**3 - 5*w**2 + 2*w + 4. Let k(t) = -t + 1. Let y(f) = -k(f) - l(f). Determine y(-4).
15
Let r be (15/10)/((-2)/(-8) - 1). Suppose -2*v + v = -2.